6096. Suppose -499 + z = 10*n. What is the units digit of n?
2
Let f = 55 - 50. Suppose -f*z - 2*t = -0*t - 101, -28 = -z - 3*t. What is the units digit of z?
9
Let t(h) = -19*h**3 - 8*h**2 - 2*h + 1. Let y(g) = 2*g**2. Let u(m) = -t(m) - 4*y(m). Let j be (-1)/(1/1*-1). What is the tens digit of u(j)?
2
Let b(q) = -q**3 - 5*q**2 - 2*q - 6. Let x be b(-5). Let k = -1 + x. Suppose 5*y - 8 - 7 = 0, k*c - 5*y = 0. What is the units digit of c?
5
What is the hundreds digit of (-12488)/(-20) + (68/(-20) - -3)?
6
Let o(l) be the first derivative of 5*l**2 + 3*l - 40. What is the units digit of o(4)?
3
Let n = -220 + 2495. Suppose -4*t = -17*t + n. What is the tens digit of t?
7
Let n = 827 + -279. What is the units digit of n?
8
Let f = -36 - -230. Let n = 335 - f. What is the units digit of n?
1
Suppose 5*m = -25 - 10. Let a = m + 10. Suppose 3*y + t = y + 105, 0 = -a*t - 3. What is the tens digit of y?
5
Suppose 16*k = -2890 + 14170. What is the units digit of k?
5
Let h(f) = 2*f**2 - f + 1. Let q(l) = 3*l**2 - l + 1. Let v(o) = 7*h(o) - 5*q(o). Let w(k) be the first derivative of v(k). What is the units digit of w(-2)?
2
Let s(q) = 11*q**2 + 1. Let r = 19 + -16. What is the tens digit of s(r)?
0
Suppose -58270 - 4776 = -29*y. What is the units digit of y?
4
Let n = 16 + -11. Let w(j) = -j**2 - 4*j + 3. Let g(i) = -i**2 - 5*i + 4. Let k(t) = n*g(t) - 6*w(t). What is the units digit of k(5)?
2
Suppose -t + 0*g - g + 907 = 0, 0 = -3*t + 2*g + 2726. What is the hundreds digit of t?
9
Let f be (-4)/24*-9*60. Let q = -88 + f. What is the units digit of q?
2
Let q(r) = 4*r**2 - 2*r - 20. What is the tens digit of q(9)?
8
Let p(b) = b**3 - 7*b**2 + 6*b + 3. Let x be (-38)/(-6) - 4/12. Let h be p(x). Suppose -c - h*c + 140 = 0. What is the units digit of c?
5
Let g(s) = 6*s + 15. Let h be (30/(-45))/(2/(-39)). Let m be g(h). Suppose 3*z + 21 - m = 5*u, -2*z - u = -48. What is the units digit of z?
4
What is the hundreds digit of (7/(-4) - -1)*-724?
5
Suppose -9*d + 1584 = 2*d. What is the units digit of d?
4
Let r(a) = -57*a - 12. Suppose -5*j + 2*j = 6. What is the hundreds digit of r(j)?
1
Let i(d) = 3*d + 5 - 3 - 2*d + 3. Let s be i(4). What is the units digit of 2/s + (-680)/(-18)?
8
Suppose -f + 5*h - 47 = 0, -5*f + 4*h - 179 - 35 = 0. Let s = f - -81. What is the tens digit of s?
3
Suppose -x - f = -292, x + 4*f - 243 - 43 = 0. What is the tens digit of x?
9
Let o = 161 + -157. Suppose 900 = -r + o*r. What is the units digit of r?
0
Let p be (-81)/(-2)*(6 - (-5 + 5)). Suppose 0 = -5*u - k + p, -u + k + 51 = -0*u. What is the units digit of u?
9
Suppose 0 = -3*a + 7*b - 3*b + 1099, -4*a = -2*b - 1482. What is the tens digit of a?
7
Let i be 3/(((-6)/(-3))/338). What is the tens digit of (-2)/12 + i/18?
2
Suppose -17*r + 4532 = 5*r. What is the units digit of r?
6
Suppose 0 = -5*m + 3*w + 234, -277 = -4*m - 2*w - 81. What is the units digit of m?
8
Let a(r) = -3*r + 13. Let v be a(-16). Suppose -v = -4*x + 87. What is the units digit of x?
7
Let v = 5 + -10. Let f be 5 + v - (2 + -18). Suppose -f*k = -11*k - 5. What is the units digit of k?
1
What is the hundreds digit of (4 + -1)*(-76775)/(-249)?
9
Let n = -203 + 80. Let v = n - -242. What is the hundreds digit of v?
1
Let h be 16*((2 - -1) + -4). Let d = -52 - h. Let j = d - -44. What is the units digit of j?
8
Suppose -5 = -5*j - 3*h - 2, 4*j - h - 16 = 0. Suppose -60 = -j*u + 153. Suppose r - 6*r = -2*d + u, 4*d = -r + 87. What is the units digit of d?
3
Let a(n) = 2*n**2 - 62*n - 85. What is the hundreds digit of a(40)?
6
Suppose 0 = -3*l + 223 + 350. Let r = l - 124. What is the tens digit of r?
6
Suppose 549 = 3*k - 5*a - 696, -3*a - 830 = -2*k. What is the hundreds digit of k?
4
What is the hundreds digit of ((-40756)/(-161))/((-6)/(-21))?
8
Let i = 8 - 5. Let w(n) = -3*n**3 + 2*n**3 + 5*n**i + 8*n - 3*n**3 - 8*n**2 + 1. What is the units digit of w(7)?
8
Let i = -986 + 1400. What is the units digit of i?
4
Suppose 738 = 4*f + 198. Suppose -f = -29*b + 28*b. What is the tens digit of b?
3
Suppose -3*f + 4 = 5*r, 0 = 4*f + r + r - 10. Suppose -3*o = o - v + 3, 3*o + f*v = 9. Suppose x = -o*x - 4, -c = 4*x - 53. What is the units digit of c?
9
What is the units digit of 546 - (18 + -14 + (1 - 1))?
2
Suppose -2*s + 8 = -12. Suppose s*i - 9*i - 85 = 0. What is the tens digit of i?
8
Let v be 18 + -6 - (-3 + 0). Suppose v = 2*u - 5. Suppose -q - u = -18. What is the units digit of q?
8
Let c(p) = p**2 + 9*p + 15. Let i = 4 + -1. Suppose 2*v + i*v + 68 = -2*s, -5*v = -s + 56. What is the units digit of c(v)?
1
Let s(w) = -w**2 + 8*w - 5. Let t be s(7). Suppose -3*r = t*r - 275. Suppose 3*i - 3*z = -4*z + r, -4*z + 50 = 2*i. What is the units digit of i?
7
What is the hundreds digit of (57/(-8)*-2)/(417/21128)?
7
Suppose v - 5*d - 246 = 0, -3*v + 393 = -4*d - 367. Suppose -2*n = 3*s - 6*n - 164, -5*s - 2*n = -v. What is the tens digit of s?
5
Let a = 513 + 500. What is the units digit of a?
3
Let g be (-2)/5 - 10/(-25). Suppose -6*y + 9*y + 39 = g. Let b = -11 - y. What is the units digit of b?
2
What is the tens digit of 197945/605 - (-2)/(-11)?
2
What is the thousands digit of (10/(-4))/((-7)/2954)?
1
Suppose -3*z - 119 = -2*n, 3*z + 10 = z. Suppose -5*m + 3*x + 186 + 51 = 0, 0 = m + 4*x - n. What is the units digit of m?
8
Let h(r) = -712*r**2 + 7*r + 2. Let s be h(-2). What is the tens digit of (-4)/(-6) - s/30?
9
Suppose 0 = -3*o - g + 196, -5*g + 255 = 4*o - 10*g. Suppose o*r - 64*r = 206. What is the tens digit of r?
0
Let c(n) be the third derivative of n**6/60 - n**5/12 - n**4/8 - n**3/3 - n**2. Let p(b) = 2*b**2 + 12*b + 4. Let o be p(-6). What is the units digit of c(o)?
4
Let i = 603 + 111. What is the hundreds digit of i?
7
Suppose -5*k = 0, x + 0*k - k - 392 = 0. What is the hundreds digit of x?
3
Let s(u) = -u + 7. Let d be s(7). Suppose 0 = -2*i + 2*t + 10, -2*i + t + 0*t + 13 = d. Suppose 0 = -2*y + 14 + i. What is the units digit of y?
1
Suppose 2*f + 350 = 2*c, 3*c - 38*f = -36*f + 524. What is the tens digit of c?
7
Let i(s) be the first derivative of -5*s**3/3 - 9*s**2/2 + 3*s - 3. Let c(o) = 2*o**2 + 5*o - 1. Let f(h) = -7*c(h) - 3*i(h). What is the tens digit of f(10)?
1
What is the units digit of (-75664)/(-168)*7 - (-2)/6?
3
Let j = 17 - 23. Let b = j + 8. Suppose -b*d = -4*p - 2, d - 12 = 4*p - 3*d. What is the units digit of p?
2
Suppose b - 381 = -2*b. What is the hundreds digit of b?
1
Let f = 656 + 177. What is the tens digit of f?
3
Let v be 22/(-3 - -4 - -1). Suppose 0 = -2*l - d + 15, -3*d + 5 = -4*l + 2*d. Let m = v - l. What is the units digit of m?
6
Suppose -5*m + 40*i = 39*i - 2486, i + 1988 = 4*m. What is the hundreds digit of m?
4
Let h = -329 - -518. Suppose -19*b + 22*b - h = 0. What is the units digit of b?
3
Let h(g) = 7*g**2 - 19*g + 52. What is the tens digit of h(7)?
6
Let v(q) = 3*q**2 - 4*q + 8. Let c = 3 - 0. What is the tens digit of v(c)?
2
Let f = 56 + -64. Let g = f - -40. What is the tens digit of g?
3
Let n(b) = -b**3 - 17*b**2 + 8. Let a be n(-17). Let t(u) = u**2 + 18. What is the tens digit of t(a)?
8
Suppose 25 - 43 = -2*m. Let j(p) = -p**3 + 10*p**2 - 8*p - 6. What is the units digit of j(m)?
3
Let n(t) be the second derivative of 67*t**3/3 - t**2 + 5*t. Let b be n(1). Suppose -8*c + 4*c + b = 0. What is the tens digit of c?
3
Suppose 1375 = 5*h - 5*b, -2*h = -3*b + 7*b - 526. Suppose -12*v = -437 - h. What is the units digit of v?
9
Let s(h) = h**3 + 24*h**2 + 22*h + 9. Let c(d) = -5*d**2 + 3*d + 3. Let n be c(-2). What is the tens digit of s(n)?
3
Let a = -40 - -341. Suppose -6*h + a - 19 = 0. What is the units digit of h?
7
Let j be (-17)/(-3) - (-4)/(-6). Suppose 3*b - j*b = -94. What is the units digit of b?
7
What is the hundreds digit of (-16)/(-72) - ((-6026)/18 + 2)?
3
Suppose -12*z = -7*z - 400. Let d = 30 + z. What is the tens digit of d?
1
Suppose -3*x = -3*u + 12, u + 0*x - 4 = -5*x. Suppose -3*p - u*o + 157 = -2*o, 0 = -p - o + 54. What is the units digit of p?
9
What is the tens digit of 250/20*1*(-1 - -13)?
5
Suppose 0 = -7*p + 25*p - 18378. What is the thousands digit of p?
1
Suppose -3*f - 2397 = -5*o, 0 = -2*o - 10*f + 13*f + 966. What is the units digit of o?
7
Let q(t) = -t**3 + 3*t**2 + 4. Let y = -25 + 28. Let v b